ulate the remainder when 34 is divided by m.
4
Suppose 9*f = 5*f + 16. What is the remainder when 18 is divided by f?
2
Let j(g) = -g**3 + 12*g**2 + 3*g - 25. What is the remainder when -1 + 33 + (0 - 2) is divided by j(12)?
8
Suppose 2*v + 232 = -t + 3*t, 25 = -5*v. Suppose 0 = -j + 4, -5*q - j - 37 + t = 0. What is the remainder when q is divided by (7 + -3 - 2) + 2?
2
Calculate the remainder when 214/2 - ((-16)/(-4) + -9) is divided by 20.
12
Suppose -3*z = 5*y - 27, -5*y = z - 5 - 4. Suppose -8*k - 4 = -z*k. Suppose 2 - 8 = -3*j. What is the remainder when k is divided by j?
0
Suppose -42*i + 267 = -615. Calculate the remainder when 205 is divided by i.
16
Suppose 34 = -3*u - 26. Let s = 29 + u. Let v = 18 - s. Calculate the remainder when 16 is divided by v.
7
Let o = 30 - 15. Suppose -3*g = o, 2*d - 41 = 4*d + 5*g. Let k = -3 - d. What is the remainder when 9 is divided by k?
4
Let b(i) = 4*i**2 - 15*i - 3. Let v(h) = 2*h**2 - 8*h - 2. Let l(k) = 2*b(k) - 5*v(k). Calculate the remainder when 23 is divided by l(5).
3
Let p be -3 + 9/(9/40). Let n = p - -62. What is the remainder when n is divided by 20?
19
Let p(d) = -d**3 + d**2 - d - 22. Let w be p(0). Let j = -18 - w. Let i = 81 - 73. What is the remainder when i is divided by j?
0
Let o be 21/(-4)*8/(-3). Suppose -j + 2*u = -o, -2*j + 3*u + 28 = 4. What is the remainder when (-46)/(3/6*8/(-2)) is divided by j?
5
Let y(l) = 23*l + 16. Calculate the remainder when y(3) is divided by 22.
19
Suppose z = -z + 2, -f + 7 = -2*z. What is the remainder when -12 + 5*432/12 is divided by f?
6
Suppose -3*s - 2*s - 125 = 0. Let o(y) = 2*y**2 - 7*y + 33. Let d be o(5). Let z = d + s. Calculate the remainder when z is divided by 8.
7
Let o = -749 + 1275. Calculate the remainder when o is divided by 17.
16
What is the remainder when 3 + -9 - (0 + -92) is divided by 43?
0
Suppose -9*a - 2*a = -165. Calculate the remainder when 193 is divided by a.
13
Suppose 142296 = 3*b - 4*i, -62811 - 32053 = -2*b + i. Calculate the remainder when b/280 - ((-4)/(-10) + 0) is divided by 34.
33
Let r = 29 - 27. What is the remainder when (0 - -2)/(r/39) is divided by 20?
19
Suppose -5*v = -4 - 126. What is the remainder when 336 is divided by v?
24
Let c = -58 - -94. What is the remainder when (-2 + c)/((-6)/(16*-3)) is divided by 39?
38
Let x(n) = n + 14. Let b be x(-15). What is the remainder when (b - -5) + (3 - -74) is divided by -1 + (-1 - -8*2)?
11
Let i(k) = 15*k**3 + 20*k - 21. What is the remainder when 111 is divided by i(1)?
13
Let n be (10 - 1)*-1*1. Let f(k) = -2*k - 7. Calculate the remainder when f(n) is divided by 5.
1
Let f = 82 + -58. Suppose 800 = f*v - 8*v. What is the remainder when 249 is divided by v?
49
Suppose -v = 3*l + 2*v - 12, -2*l = 3*v - 9. Suppose -l*r + 28 = -r. What is the remainder when r is divided by 10*(-1 - (-27)/15)?
6
Let x(w) = w - 4. Let r be x(13). Let c = 16 - r. Suppose 5*m - m - 3*n - 80 = 0, 0 = -5*n. What is the remainder when m is divided by c?
6
Suppose -2*q - 30*q + 2400 = 0. Calculate the remainder when 149 is divided by q.
74
Let m(n) = 25*n + 4. Suppose 3 = 3*x - 0*x. Calculate the remainder when 55 is divided by m(x).
26
Let k = -53 - -222. Suppose 0 = -3*s + 7*c - 3*c + k, 5*s = 5*c + 285. Calculate the remainder when s is divided by 15.
14
Suppose -x + 131 = -0*a - a, -5*x - a + 655 = 0. Suppose 4*d = x - 31. Calculate the remainder when d is divided by 10.
5
Let y(n) = 2*n**2 - 10*n + 19. Calculate the remainder when y(11) is divided by 43.
22
Let d(b) = -b**2 + 17*b - 7. Suppose 0 = -3*k + k + 32. Calculate the remainder when (-1)/(1*-2)*48 is divided by d(k).
6
Let p be (-1725)/(-92) + 2/8. Let a = p + 4. Let o = 8 + -3. What is the remainder when a is divided by o?
3
Let b(g) = 17*g**2. Suppose 5*n = -t + n + 59, 3*n - 171 = -4*t. Suppose -4*d + 2*d = -5*q + t, 3 = d. Calculate the remainder when b(1) is divided by q.
8
Suppose 7*f - 10 = 6*f. Suppose -5*m - 5*x = -105, 0 = -5*m - 0*m - 2*x + 93. Calculate the remainder when m is divided by f.
7
Suppose 0 = 5*k + k - 744. Calculate the remainder when k is divided by 42.
40
Let w be (248/24 + -5)/((-4)/(-6)). Suppose 0 = -w*k + 10*k - 74. What is the remainder when 143 is divided by k?
32
What is the remainder when 29 is divided by 2/(8/420*7)?
14
Suppose 0 = 4*x - 2*h + 72, x + 0*x + 2*h = -18. Let u = x - -24. What is the remainder when 29 is divided by u?
5
Let r(y) = 10*y**3 + y**2 - y. Let c be r(3). Suppose -3*f - 69 = -4*f - 5*a, -4*f - 2*a = -c. Let t = 59 - 41. What is the remainder when f is divided by t?
15
Let o(k) be the third derivative of -k**4/8 + k**3/6 - k**2. What is the remainder when 49 is divided by o(-4)?
10
Let t = 1625 + -1550. Calculate the remainder when t is divided by 11.
9
Let x = -23 - -6. Let q = x + 22. Suppose 0 = -q*a + 355 - 10. Calculate the remainder when a is divided by 14.
13
Let k be (-1783)/5 + (-4)/10. Suppose -u - 72 = -4*u. Calculate the remainder when k/(-5) - 4/10 is divided by u.
23
Suppose 0 = -4*i - 3*t + 45, 0 = t + t + 2. Suppose -i = k - 2*k. Suppose 4*d + 2*q = 7*q + 93, -2*q = 2. What is the remainder when d is divided by k?
10
Suppose 0 = 26*r - 31*r + 1480. Calculate the remainder when r is divided by 83.
47
Let m be 25/15 - 1/(-3). Suppose p - 3 = -5*a + 14, -m*a = p - 11. Let o(t) = 3*t - 10. What is the remainder when 53 is divided by o(p)?
9
Let x(a) = -2*a**3 + 5*a**2 - 3*a + 3. Let b be x(2). Let w = 43 - 29. Calculate the remainder when b*148/4 + -1 + 3 is divided by w.
11
Let z(g) = -4*g**3 - g**2. Let p be z(1). Let s = p + 23. Let m = s + -11. What is the remainder when 11 is divided by m?
4
Suppose 3*q + 5*m = 16, 3*q - 1 = -2*m + 18. Let g = 37 + -17. Calculate the remainder when g is divided by q.
6
Suppose 0 = -4*c - 5*a + 417, c - 2*a + 53 - 167 = 0. Let y = c - 1. Calculate the remainder when y is divided by 22.
19
Let o be 1*-21*(-2)/6. Suppose o*q - 2*q = -3*g + 274, -q = 4*g - 337. Suppose g = -2*z + 253. What is the remainder when z is divided by 22?
19
Suppose -22 = -5*w + 2*i + 53, -5*w = i - 90. What is the remainder when 75 is divided by w?
7
Suppose 3 - 14 = -v. Suppose -v*u = -3*u - 72. What is the remainder when 89 is divided by u?
8
Let q = -339 - -369. Calculate the remainder when q is divided by 11.
8
Suppose 12*o = 3*o + 4050. Suppose 4*m + 5*m = o. What is the remainder when m is divided by 15?
5
Calculate the remainder when (1 + 266)*(1 + (-18)/27) is divided by 23.
20
Suppose 4*s - 59 = -5*b, -5*s - b = -125 + 25. What is the remainder when 56 is divided by s?
14
Let d = 3372 - 3278. Suppose -3*t - 2*t - 5*p = -115, -2*t + p + 49 = 0. Calculate the remainder when d is divided by t.
22
Let m be 36/(-24)*52/6. Let z = m - -16. Suppose 0 = z*i - 2*i - 3*q - 25, 3*q = 0. What is the remainder when 47 is divided by i?
22
Let i = 594 + -584. Calculate the remainder when 165 is divided by i.
5
Suppose -332 = 4*u - 2*d, -4*d + 9*d = u + 92. Let s = u + 108. Calculate the remainder when 101 is divided by s.
23
Let j(x) = x**2 + 12 + 2*x + 1 + 11*x. Calculate the remainder when 33 is divided by j(-13).
7
Suppose 3*y - 3*v - 8 - 103 = 0, 5*y - 3*v - 183 = 0. Calculate the remainder when 359 is divided by y.
35
Let j = 33 + -28. Suppose -j*a + a + 12 = 0, 14 = l + 3*a. Calculate the remainder when 14 is divided by l.
4
Let r(m) = -m**3 + m**2 + 2*m - 6. Let x be r(-3). What is the remainder when 34 is divided by 86/12 - 4/x?
6
Suppose -3*h + 33 = -51. Calculate the remainder when 91 is divided by h.
7
Suppose -629 = 8*t + 395. Let g = t + 146. Calculate the remainder when g is divided by 10.
8
Let q = 41 - -49. Let i = q + -52. Let o = i - 19. Calculate the remainder when o is divided by 10.
9
Suppose 5*i + 0*i - 223 = 4*u, -5*i + 238 = u. Let t = i - 41. Calculate the remainder when 10 is divided by t.
4
Suppose i - 4*i + 12 = 0. Let w(v) = 2*v**2 + 12*v + 3. What is the remainder when w(i) is divided by 28?
27
Suppose 1000 = 11*g + 14*g. Calculate the remainder when 234 is divided by g.
34
Let h(t) = 86*t - 267. Calculate the remainder when h(10) is divided by 11.
10
Let w = 25 - -9. Suppose 26 = p + 5*s, p - w = -4*s + 3*s. Calculate the remainder when p is divided by 5.
1
Calculate the remainder when 7 is divided by (18/(